{"id":352666,"date":"2026-03-06T14:52:55","date_gmt":"2026-03-06T13:52:55","guid":{"rendered":"https:\/\/clever-fit.love-it.at\/?post_type=tribe_events&#038;p=352666"},"modified":"2026-03-10T09:03:04","modified_gmt":"2026-03-10T08:03:04","slug":"neu-im-marketingportal-social-media-x-termin-1","status":"publish","type":"tribe_events","link":"https:\/\/clever-fit.love-it.at\/de\/event\/neu-im-marketingportal-social-media-x-termin-1\/","title":{"rendered":"Neu im Marketingportal: Social Media X &#8211; Termin 1"},"content":{"rendered":"<p>Mit dem neuen Modul <strong>Social Media X<\/strong> k\u00f6nnt ihr k\u00fcnftig <strong>lokale Facebook- und Instagram-Anzeigen direkt \u00fcber das Marketingportal planen, bearbeiten und ver\u00f6ffentlichen<\/strong>.<\/p>\n<p>Damit ihr optimal starten k\u00f6nnt, zeigen wir euch in <strong>zwei kompakten Live-Calls<\/strong>, wie der gesamte Prozess funktioniert \u2013 von der Verbindung eures Accounts bis zur fertigen Anzeige.<\/p>\n<p>&nbsp;<\/p>\n<p>Ihr m\u00fcsst nur zu einem der Termine erscheinen da wir die Inhalte wiederholen:<\/p>\n<p>? <strong>Termine:<\/strong><br \/>\n<strong>Donnerstag, 12.03.2026 \u2013 09:00 Uhr<\/strong><br \/>\n<strong>Freitag, 13.03.2026 \u2013 09:00 Uhr<\/strong><\/p>\n<p>&nbsp;<\/p>\n<p>In den Sessions f\u00fchren wir euch Schritt f\u00fcr Schritt durch den Ablauf von der Verbindung zu euren Werbkonten \u00fcber die individualisierung und Live-Schaltung und zeigen euch, wie ihr eure <strong>lokalen Social Ads schnell und einfach selbst aufsetzen k\u00f6nnt.<\/strong><\/p>\n<p>&nbsp;<\/p>\n<p>Bitte leitet diese Nachricht auch an eure Kollegen und Mitarbeiter weiter, die f\u00fcr die lokalen Marketingaktivit\u00e4ten bei euch verantwortlich sind.<\/p>\n<p>Wir freuen uns auf euch!<\/p>\n<p>Euer Marketingportal-Team<\/p>\n<p>&nbsp;<\/p>\n<p><a class=\"cle-button secondary\" href=\"https:\/\/teams.microsoft.com\/meet\/33756779278061?p=0ho2S8sZsJXDx32omX\" target=\"_blank\" rel=\"noopener\">Hier teilnehmen<\/a><\/p>\n","protected":false},"excerpt":{"rendered":"<p>Mit dem neuen Modul Social Media X k\u00f6nnt ihr k\u00fcnftig lokale Facebook- und Instagram-Anzeigen direkt \u00fcber das Marketingportal planen, bearbeiten und ver\u00f6ffentlichen. Damit ihr optimal starten k\u00f6nnt, zeigen wir euch [&hellip;]<\/p>\n","protected":false},"author":530,"featured_media":353097,"comment_status":"closed","ping_status":"closed","template":"","meta":{"_acf_changed":false,"_seopress_robots_primary_cat":"","_seopress_titles_title":"","_seopress_titles_desc":"","_seopress_robots_index":"yes","_tribe_events_status":"","_tribe_events_status_reason":"","footnotes":""},"tags":[],"tribe_events_cat":[1025],"class_list":["post-352666","tribe_events","type-tribe_events","status-publish","has-post-thumbnail","hentry","tribe_events_cat-online-teams-meeting","cat_online-teams-meeting"],"acf":[],"_links":{"self":[{"href":"https:\/\/clever-fit.love-it.at\/de\/wp-json\/wp\/v2\/tribe_events\/352666","targetHints":{"allow":["GET"]}}],"collection":[{"href":"https:\/\/clever-fit.love-it.at\/de\/wp-json\/wp\/v2\/tribe_events"}],"about":[{"href":"https:\/\/clever-fit.love-it.at\/de\/wp-json\/wp\/v2\/types\/tribe_events"}],"author":[{"embeddable":true,"href":"https:\/\/clever-fit.love-it.at\/de\/wp-json\/wp\/v2\/users\/530"}],"replies":[{"embeddable":true,"href":"https:\/\/clever-fit.love-it.at\/de\/wp-json\/wp\/v2\/comments?post=352666"}],"version-history":[{"count":1,"href":"https:\/\/clever-fit.love-it.at\/de\/wp-json\/wp\/v2\/tribe_events\/352666\/revisions"}],"predecessor-version":[{"id":352667,"href":"https:\/\/clever-fit.love-it.at\/de\/wp-json\/wp\/v2\/tribe_events\/352666\/revisions\/352667"}],"wp:featuredmedia":[{"embeddable":true,"href":"https:\/\/clever-fit.love-it.at\/de\/wp-json\/wp\/v2\/media\/353097"}],"wp:attachment":[{"href":"https:\/\/clever-fit.love-it.at\/de\/wp-json\/wp\/v2\/media?parent=352666"}],"wp:term":[{"taxonomy":"post_tag","embeddable":true,"href":"https:\/\/clever-fit.love-it.at\/de\/wp-json\/wp\/v2\/tags?post=352666"},{"taxonomy":"tribe_events_cat","embeddable":true,"href":"https:\/\/clever-fit.love-it.at\/de\/wp-json\/wp\/v2\/tribe_events_cat?post=352666"}],"curies":[{"name":"wp","href":"https:\/\/api.w.org\/{rel}","templated":true}]}}

<p>Mit dem neuen Modul <strong>Social Media X</strong> könnt ihr künftig <strong>lokale Facebook- und Instagram-Anzeigen direkt über das Marketingportal planen, bearbeiten und veröffentlichen</strong>.</p>
<p>Damit ihr optimal starten könnt, zeigen wir euch in <strong>zwei kompakten Live-Calls</strong>, wie der gesamte Prozess funktioniert – von der Verbindung eures Accounts bis zur fertigen Anzeige.</p>
<p>&nbsp;</p>
<p>Ihr müsst nur zu einem der Termine erscheinen da wir die Inhalte wiederholen:</p>
<p>? <strong>Termine:</strong><br />
<strong>Donnerstag, 12.03.2026 – 09:00 Uhr</strong><br />
<strong>Freitag, 13.03.2026 – 09:00 Uhr</strong></p>
<p>&nbsp;</p>
<p>In den Sessions führen wir euch Schritt für Schritt durch den Ablauf von der Verbindung zu euren Werbkonten über die individualisierung und Live-Schaltung und zeigen euch, wie ihr eure <strong>lokalen Social Ads schnell und einfach selbst aufsetzen könnt.</strong></p>
<p>&nbsp;</p>
<p>Bitte leitet diese Nachricht auch an eure Kollegen und Mitarbeiter weiter, die für die lokalen Marketingaktivitäten bei euch verantwortlich sind.</p>
<p>Wir freuen uns auf euch!</p>
<p>Euer Marketingportal-Team</p>
<p>&nbsp;</p>
<p><a class="cle-button secondary" href="https://teams.microsoft.com/meet/33756779278061?p=0ho2S8sZsJXDx32omX" target="_blank" rel="noopener">Hier teilnehmen</a></p>

<p>Mit dem neuen Modul Social Media X könnt ihr künftig lokale Facebook- und Instagram-Anzeigen direkt über das Marketingportal planen, bearbeiten und veröffentlichen. Damit ihr optimal starten könnt, zeigen wir euch [&hellip;]</p>
